 = 0. What are the prime factors of ((-2)/(-4))/(w/24)?
2, 3
Suppose 5 = -2*w - 7. List the prime factors of -3*((-4)/w + -2).
2
Let y(w) = 22*w + 12. List the prime factors of y(8).
2, 47
Let b be (-2)/(-4) + (-77)/(-22). Suppose -17 = -3*i + b. What are the prime factors of i?
7
Suppose -2*j + 34 = -2. What are the prime factors of j?
2, 3
Suppose 0*w = -w. Suppose -5*g - 2 = -u - w*u, -2*g = -4*u - 46. Let j = u - -23. What are the prime factors of j?
2, 5
Let c = 76 + -42. List the prime factors of c.
2, 17
Let d(b) = 4*b - 3. Let h be d(2). What are the prime factors of 318/30 - 3/h?
2, 5
Let u(p) = p**3 - 2*p**2 - 1. Let s = 4 - 8. Let n = -1 - s. List the prime factors of u(n).
2
Suppose 0*u - u = 0. Suppose -5*c - i + 35 = 0, u = -2*i - i. List the prime factors of c.
7
List the prime factors of (2 + 29/2)/(3/6).
3, 11
Let x = 31 - -50. List the prime factors of x.
3
Let g be -1 + ((-6)/2)/(-3). Suppose -4*w + 4*k + 188 = 0, 3*w = -g*k - 5*k + 109. Suppose 3*d = 5*h + 7 + w, -5*d - 2*h + 42 = 0. List the prime factors of d.
2, 5
What are the prime factors of (-6)/10 + 861/35?
2, 3
Let f(a) = -a**3 - 7*a**2 - 8*a - 16. List the prime factors of f(-8).
2, 7
Suppose l = 2*j - 87, 2*j + 2*l = -0*j + 96. List the prime factors of j.
3, 5
Let h be -19 - -2 - (1 + -1). Let o = 27 + h. List the prime factors of o.
2, 5
Suppose 2*y = -y - m + 1070, -2*y + 2*m + 708 = 0. What are the prime factors of y?
2, 89
Suppose 0 = -2*o - 3*o + 1195. Let q = -125 + o. List the prime factors of 4/(-6) - q/(-9).
2, 3
Let m be 2/3 - (-61)/3. Suppose -2*x = -5*y - m, -y + 15 = x + x. What are the prime factors of x?
2
Let u be 2/(-4 - -2)*-1. Let x = -1 + u. Suppose 0 = -5*l - x*l + 35. What are the prime factors of l?
7
Suppose 2*w + 74 = 4*m, w - 5*w - 157 = m. List the prime factors of 0 - 1*(w + -2).
41
Suppose 0*p = 5*p - 25. Let h(z) = -z - 3. Let u be h(-6). Suppose -2*o = p*r - 50, o = -2 - u. List the prime factors of r.
2, 3
Let l(x) = -x**3 + 2*x**2 + 3. Suppose -2*a = 3*w - 15, 2*w - 8 = -3*a + 7. Let n be l(a). What are the prime factors of 11*(-3)/n*2?
11
Let m be 0/2 + (2 - -2). Suppose 0 = -m*z - 2 + 10. List the prime factors of (-4)/6*(-18)/z.
2, 3
Let q(m) = m**3 + 9*m**2 - 9*m + 13. Let x be q(-10). Let c be x/(-3) + (6 - 1). Suppose r = -c*r + 30. What are the prime factors of r?
2, 3
Let k be (-108)/16 - 3/(-4). Let g(t) = -2*t + 7. List the prime factors of g(k).
19
What are the prime factors of 1 - -39 - 1*3?
37
Let a be (4/2)/((-3)/(-30)). Suppose -z + a = -0*z. What are the prime factors of z?
2, 5
Let q = 6 - 2. Let x = 2 - q. Let w = x + 4. What are the prime factors of w?
2
Let v be 18 - (2 - (0 + -1)). List the prime factors of (2 - -3)*72/v.
2, 3
Let p(w) = 67*w**2 - w + 1. Let c be p(1). Let g = c + -40. List the prime factors of g.
3
Suppose -146 - 62 = -2*a + 2*s, a - 3*s = 110. List the prime factors of a.
101
Let g = -9 + 13. Suppose 0 = -g*z + 8 + 16. List the prime factors of z.
2, 3
Let k(o) = -o**3 + 3*o**2 - 1. Let d be k(5). Let t = d + 104. List the prime factors of t.
53
Let b(y) be the third derivative of -y**6/15 + y**4/12 + y**3/6 - y**2. Let u be (-6)/(-39) + (-15)/13. What are the prime factors of b(u)?
7
Let v be 2/3 - (-12)/9. Suppose 8 = 5*c - v. List the prime factors of c.
2
Suppose -180 = 3*c - 7*c. Suppose 5*m - c = 10. List the prime factors of m.
11
Let o = -9 + 32. What are the prime factors of o?
23
Let x be 6/(-4)*136/(-12). Let w = x + -5. What are the prime factors of w?
2, 3
Let f be (-7 - -1)*21/2. List the prime factors of (f/(-12))/((-3)/(-8)).
2, 7
List the prime factors of ((3 - (2 - -1)) + -1)*-194.
2, 97
Let n(i) = 0*i + 3 + i**2 + 0*i - 6*i - 11. List the prime factors of n(8).
2
Let h be (-20)/(-6) + (-2)/(-3). Suppose 0 = h*l - 8 - 4. Suppose 55 = 5*i + l*v, 4*v + 44 = -i + 5*i. List the prime factors of i.
11
Let m be (-6)/4 + 6/12. Let h = m + 11. What are the prime factors of h?
2, 5
Let r(n) = -n**3 - 3*n**2 - 4*n - 1. Let i be -1*12/3 + 1. What are the prime factors of r(i)?
11
Let l(t) = 36*t**2 + 4*t - 3. Suppose -2*u + 6*u - 4 = 0. What are the prime factors of l(u)?
37
Suppose m + 2*m + 12 = 0. Let p be 2/(m/(-6)) - 1. List the prime factors of (1 - -1)*5 + p.
2, 3
Let y = -8 + 21. Suppose 5*c = 63 - y. List the prime factors of c.
2, 5
Suppose -5 + 4 = r, -5*y + 1563 = -3*r. List the prime factors of y.
2, 3, 13
Let r(g) = g**3 - 5*g**2 + g - 2. What are the prime factors of r(6)?
2, 5
Suppose -4*v - 2*x = -4*x - 1166, -5*v + 2*x = -1459. What are the prime factors of v?
293
Suppose -b = -1 - 1. List the prime factors of b.
2
Suppose -3*b = 0, 2*o - 4*b + 3*b = -22. Let g = o - 31. Let d = -25 - g. What are the prime factors of d?
17
Let i = 183 + -92. List the prime factors of i.
7, 13
Suppose 2*o + 3*r - 914 = 5*r, -5*r = -o + 437. What are the prime factors of o?
2, 3, 7, 11
Suppose 0 = x - 5*i - 84 - 3, -20 = 4*i. What are the prime factors of x?
2, 31
Suppose c + 3*c = 32. Suppose -b + c = 3*b. Suppose -4*s = -4, -o + 3*s - b + 5 = 0. List the prime factors of o.
2, 3
Let j = 18 - 7. Let b = 16 - j. Suppose d - f = 2*f + 7, 0 = d + b*f - 7. List the prime factors of d.
7
Let n be ((-3)/12)/((-4)/32). Suppose n*z + w - 65 = 0, 4*w + 0*w = 20. List the prime factors of z.
2, 3, 5
Let w be 6/(-21) + (-32)/(-14). Let n be (-101)/(-9) + w/(-9). Let g = n + -3. What are the prime factors of g?
2
Let y(b) = 15*b - 1. Let n(t) = t - 1. Let j(i) = -2*n(i) + y(i). Let m be j(1). Suppose 5*a = m + 46. List the prime factors of a.
2, 3
Let f be (-2 - -1) + 0 + 3. Suppose f*w = -2*w. Suppose 0 = i - w*i - 2. What are the prime factors of i?
2
Let d(k) = 14*k**3 - 15*k**3 - 2*k**2 - 2 - 2. List the prime factors of d(-3).
5
Let n(v) = v**2 - 9*v - 8. Let r be n(10). Let j be (r/(-1))/(-1) - -3. Suppose 13 = j*d - 47. List the prime factors of d.
2, 3
Suppose 213 = 5*i + p, -5*p - 21 - 90 = -3*i. List the prime factors of i.
2, 3, 7
Suppose 0*r - 3*r - 15 = -f, 4*r = 2*f - 22. Let m be (8/6)/(f/45). Let p = 36 - m. What are the prime factors of p?
2
Suppose 5*b - 222 = 228. List the prime factors of b.
2, 3, 5
Let s = -6 + 9. Suppose s*i - 67 = 23. List the prime factors of (i/(-4))/((-2)/4).
3, 5
Let i = -106 - -388. List the prime factors of i.
2, 3, 47
Suppose 0 = 3*d + 12, d + 2*d - 85 = -z. List the prime factors of z.
97
Suppose -2 - 8 = -2*d. Let z(c) = c - d*c + 3*c. What are the prime factors of z(-6)?
2, 3
Let i be (-1)/((-2)/48) + -2. Suppose -2 + i = 4*b. Suppose -4*k = -2*u + 6, -3*u + k - b*k = -59. What are the prime factors of u?
13
Suppose 4*z - 92 = -2*f, 0*z - 3 = 3*z. List the prime factors of f.
2, 3
Let o be 0/2 + 2 + 1. Suppose -o*s + 30 = -s. What are the prime factors of s?
3, 5
Let a = 3 + -1. Suppose 4*v = 7 - 15. Let z = a - v. List the prime factors of z.
2
Suppose -n - 4 + 8 = 0. Suppose 25 = 5*j + 3*o + 2*o, -2*o = -2. Let l = j + n. List the prime factors of l.
2
Suppose 0 = 2*d + 6, -5*p + 345 = d - 547. List the prime factors of p.
179
Let h be -12*3/(-6)*1. Let l(v) = v**3 - 4*v**2 - 9*v + 4. Let s be l(h). Suppose 5*k = -2*r + 67, -2*k + 3*r + r = -s. What are the prime factors of k?
13
Let r(l) = -l + 4. List the prime factors of r(2).
2
Let h(l) = l**2 - 8 - 5*l + 5*l - 8*l - 2*l. What are the prime factors of h(11)?
3
Let b = 12 + 17. What are the prime factors of b?
29
Suppose 6*p = p + 2*w + 338, 2*p = -2*w + 138. List the prime factors of p.
2, 17
Let j(p) = p**3 - 4*p**2 + 2*p + 2. Let q be j(3). Let o(r) = -r**3 - 4*r**3 - 2*r**2 + r**2 + 0*r**3 + r + 1. What are the prime factors of o(q)?
2
Suppose 0*w = -3*w. Let v = 1 - w. What are the prime factors of 1 - (v - (10 + 1))?
11
Let a be (-2)/(-4)*(-14 + 4). What are the prime factors of (-56)/(-2) + 2 + a?
5
Let s = -8 - -11. Suppose -a = 2 - 5, 0 = -s*n - a + 24. List the prime factors of n.
7
Let d(r) = r**3 + 5*r**2 - 5*r - 2. Let y be d(-6). Let b = y - -15. List the prime factors of b.
7
Suppose 0 = 2*y + 4*c - 330, 6*y - 5*c - 506 = 3*y. What are the prime factors of y?
167
What are the prime factors of 201/4 - (-24)/32?
3, 17
Suppose -5*b - 12 = -2. What are the prime factors of (b/4)/(1/(-22))?
11
Suppose 824 = -5*u + 119. What are the prime factors of u/(-9) + 4/(-6)?
3, 5
Let m(g